
0
Let d = -5 - -3. Let v(x) = -52*x - 111. Let i(j) = 52*j + 89. Let f(p) = -5*i(p) - 4*v(p). What is the hundreds digit of f(d)?
1
Let h(s) = -7*s + 22. Let o be h(-5). Suppose -o = -24*n + 39. What is the units digit of n?
4
Let f(w) = -1789*w + 800. What is the tens digit of f(-14)?
4
Suppose -6*o - 12 - 18 = 0. Let g = 39 + o. What is the tens digit of (-1989)/g*(-6 + 2)?
3
Let k = -24695 + 47509. What is the hundreds digit of k?
8
Let c(v) = -24*v**3 - 11*v**2 - 4*v + 29. What is the hundreds digit of c(-13)?
9
Let i(q) = -8*q**2 + 20*q - 4. Let z be i(2). Suppose z*c = 2*c + 796. What is the tens digit of c?
9
Let w = 361 + -344. Suppose -w*m - 2101 = -28*m. What is the units digit of m?
1
Suppose 2*y + 3*i - 9160 = 28173, -5*i = 35. What is the hundreds digit of y?
6
Suppose -3*b - 5715 = -5*n + 15802, 5*n - 4*b - 21521 = 0. What is the tens digit of n?
0
Let h(p) = -279*p + 23. Let b be h(-8). Suppose -2097 = -8*s + b. What is the units digit of s?
4
Let f(a) = -22 + 2 - 11 - 2*a. Let j be f(-17). Suppose 12*i + j*i = 1515. What is the tens digit of i?
0
Let p = -6934 + 18797. What is the tens digit of p?
6
Let x(c) = -13*c**2 - c. Let i be x(-2). Let s be i*(2 - 10/4). Let g = s - 10. What is the tens digit of g?
1
Let x(f) be the second derivative of 2*f**3 - 15*f**2/2 + 9*f - 2. What is the hundreds digit of x(30)?
3
Let i(o) = -30*o - 7. Let v be i(2). Let b = 51 + v. What is the units digit of (b/10 + 2)*230?
2
Suppose d = -4*d. Let l be (-20)/8*((-180)/(-25))/(-9). Suppose l*i = -d*i + 264. What is the tens digit of i?
3
Suppose -5*m + 4*d = 1, 3*m - 4*d + 6 + 1 = 0. Suppose -5*r - m = -28. Suppose -20 + 90 = r*q. What is the tens digit of q?
1
Suppose 64*k - 5583844 = -132*k. What is the hundreds digit of k?
4
What is the units digit of (135784/24 - (-5)/15) + (1 - 0)?
9
Let v(q) = 2746*q**2 - 354*q + 353. What is the tens digit of v(1)?
4
Suppose 0 = 23*x - 0*x - 9*x - 29876. What is the units digit of x?
4
Suppose -4238629 = -117*f + 7340670 - 3088141. What is the ten thousands digit of f?
7
What is the thousands digit of (3 - 28) + (-3165984)/(-144)?
1
Let g(o) = 2 - o + 19*o - 11 + 66. What is the tens digit of g(33)?
5
Suppose 0 = 10*w - 15*w - 55. Suppose -4*a - q + 170 = 61, a - 3*q = 37. Let r = w + a. What is the tens digit of r?
1
Let h(q) = 109*q**2 - 4*q. Let u be h(-2). Let p = u + 9. What is the units digit of p?
3
Suppose 0 = 4*p + 4, -2*p + 5 = -4*r + 7. Suppose -u + 2 = r, 3*m - u = -4*u + 1659. What is the tens digit of m?
5
What is the thousands digit of -3*(41053/(-12) - (-20)/(-16))?
0
Let w(z) = z. Let a be w(3). Suppose g = j + 79, -2*g = j + a*j - 182. Suppose 87*y = g*y + 992. What is the units digit of y?
8
Let d = 51 - 84. Let l = 61 - d. Let q = l - 38. What is the units digit of q?
6
Let d(x) = x + 108. Let b be d(24). Let q = 126 + b. What is the hundreds digit of q?
2
Let i = -57 + 67. Suppose -i*z + 2 = 2. Suppose z = -5*c + 306 - 11. What is the units digit of c?
9
Let l be 165/5*3/9. Suppose -406 = -l*g - 10. Let i = g - -165. What is the hundreds digit of i?
2
Let t be ((-18)/12)/((-1)/126). Suppose t = 6*k - 3*k. Suppose i = k + 40. What is the units digit of i?
3
Let n be 0*-3*(-1)/6. Let d(b) = -206 + 432 - 3*b - 202. What is the tens digit of d(n)?
2
Let h(t) = -84 + 16*t - 40*t + 82. Suppose -3*w = 6, -4*w - 12 = 2*k - 0*w. What is the units digit of h(k)?
6
Suppose 0 = -12*f + 17*f. What is the tens digit of (4 - f) + (69 - -30)?
0
What is the hundreds digit of -47*(-37 + 3)*(-2)/(-1)?
1
Let b be 4 + -10*3/6. What is the tens digit of (b/(-2))/(-1) - 9945/(-30)?
3
Suppose -g - 4 + 17 = 0. Let s(o) = -15 + 5*o**2 - 3*o**2 - 7*o + 12*o + 14*o - 3*o**2. What is the tens digit of s(g)?
6
Suppose -3*t + 289 = -j, -3*t - 6*j + 319 = -j. Let b = t + -128. What is the units digit of 8/60 - 746/b?
5
What is the hundreds digit of (-43)/258 - 4/((-48)/44342)?
6
Let r(n) = -358*n + 16. Suppose 9 = 2*l + l, 0 = 3*j - 2*l + 9. What is the hundreds digit of r(j)?
3
Suppose -4*s + 28 = -11*s. What is the hundreds digit of (-209)/(1 - 2) + s?
2
What is the units digit of (-2058 - 0)*18/(-12) + -5?
2
Suppose 0 = -5*x - 7 - 8. Suppose -10*k = -5*k - 25. What is the tens digit of x + k - 4 - -66?
6
Let k = 27 + -24. Let p(z) = 16*z**3 + 5*z**2 - 3*z - 4. Let h(i) = -15*i**3 - 4*i**2 + 2*i + 4. Let m(j) = k*h(j) + 2*p(j). What is the tens digit of m(-2)?
0
Suppose -5*p + 7*p = 5*j - 15654, -2*p + 9402 = 3*j. What is the units digit of j?
2
Let d be 6543429/133 - 6/(-21). Suppose 28*l - 4337 - d = 0. What is the tens digit of l?
1
Let j = -12425 + 40937. What is the hundreds digit of j?
5
What is the thousands digit of (-2 + 52330/14 - -3)/((-46)/(-322))?
6
Let g = 443 - -214. Let o = 1898 - g. What is the thousands digit of o?
1
Let w = -37 - -71. Let d = w + -30. Suppose 5*y - 545 = -4*s, -d*y + s + 2*s + 436 = 0. What is the tens digit of y?
0
Let t(x) = x**2 + 4*x + 15. Let u(j) = j**2 + 3*j + 14. Let d(r) = -6*t(r) + 5*u(r). Let k be d(-6). What is the units digit of -5 - k - 39*-7?
0
Suppose 4*k + 238 - 306 = 0. Let f(c) = 26*c + 30. What is the tens digit of f(k)?
7
Suppose 0 = 2*x - 5*f - 84, 0*f + 8 = -2*f. Suppose 0 = 13*n - 9*n - x. Suppose -n*c = -547 - 1357. What is the hundreds digit of c?
2
Let s(d) = -d**3 + 8*d**2 - 9*d - 13. Let q be s(6). Suppose 4723 - 1478 = q*f. What is the tens digit of f?
4
Let d = -151 - -173. Suppose 4*x - d*x + 2754 = 0. What is the tens digit of x?
5
Let m = 19303 + 20355. What is the tens digit of m?
5
Let a = 2371 - 364. Let j = a + -1312. What is the units digit of j?
5
Let x = 38267 - 31148. What is the units digit of x?
9
Let n(y) be the first derivative of 245*y**3/3 - y**2 - 5. Let i be n(1). Suppose -4*m = -i + 39. What is the tens digit of m?
5
Suppose -3*r + 152 = -4*i, -2*i + 0*r + r = 76. Let a = 44 + i. Suppose 0 = a*l - 18*l + 1080. What is the tens digit of l?
9
Let k = -212 + 309. Suppose -2*o = -2, -4*j - 2*o - 3*o = 267. Let x = j + k. What is the units digit of x?
9
Suppose 5 + 6 = 4*v - 3*l, 13 = 5*v - 3*l. Suppose -v*w - w + 33 = 0. Suppose 1352 + 353 = w*b. What is the tens digit of b?
5
Let x be 2/8 - (-1324)/64*4. Suppose 0 = -x*l + 82*l + 189. What is the units digit of l?
9
Let c(u) = 75*u + 11800. What is the tens digit of c(0)?
0
Let t(z) = -7*z + 28. Let c be t(4). Suppose -2*x + j + 269 = c, 3*x + 73 = -2*j + 473. Suppose 471 = 11*h - x. What is the units digit of h?
5
Suppose 3*w - w = -6. Let t be (w - (-32)/12)*-36. Suppose -5*o + 183 = -t. What is the units digit of o?
9
Let h be 2/(-5 + 1)*-10. Let z be ((-110)/66)/((-1)/3). Suppose h*v - d = -0*d + 533, -z*v + 4*d = -527. What is the hundreds digit of v?
1
Let c be (-3)/(-5) + (-221)/(-65). Suppose -r + c*r = -39. What is the tens digit of 299 + r - 8/(-2)?
9
Suppose -3769 = -5*c + 5*d + 25481, -17530 = -3*c - 2*d. What is the thousands digit of c?
5
Suppose 0 = 19*q - 11668 + 116. Suppose 2*u - 4*n - 306 = 0, -u = 3*u - 4*n - q. What is the units digit of u?
1
Let p(x) = 1116*x**2 + x - 1. Suppose 71*o - 2 = 69*o. What is the hundreds digit of p(o)?
1
Let s be -25 + (-3)/(-6)*-2. Let a(w) = 5*w**2 + 34*w - 7. Let g(k) = 22*k**2 + 137*k - 27. Let i(n) = -9*a(n) + 2*g(n). What is the units digit of i(s)?
5
Suppose 2*u - 3*p + 6*p + 11 = 0, -2*u = -5*p - 29. Suppose -u*t + 65 = d, -4*t = -4*d - 43 + 315. Suppose -d + 7 = -5*o. What is the tens digit of o?
1
Let k = -191 - 54. Let p = -50 - k. Suppose p + 27 = 2*f. What is the hundreds digit of f?
1
Let z = 11542 + -5087. What is the units digit of z?
5
Let a(w) = 9*w + 20. Let x be a(-2). What is the units digit of x/2 - 9917/(-47)?
2
Let h(y) = -10*y**2 + 38*y**3 - 80*y**3 - 6 + 41*y**3 - 17*y. Let t be h(-8). What is the units digit of -2*(-1)/2*(91 + t)?
3
Suppose 4*z = w - 19, 0 = -4*z + 4*w - 14 - 2. What is the tens digit of 2/5 + (-1513)/z?
0
Suppose 52*s + 37570 - 114426 = 0. What is the tens digit of s?
7
Suppose -4*o - o + 13660 = 0. Suppose 0 = 4*b + 84 - o. What is the units digit of b?
2
Let v be (-11)/(297/36)*15/(-4). Suppose 599 = 2*w + x, 8*w - 893 = v*w + 4*x. What is the tens digit of w?
9
Let t = 469 + -1588. Let m = -754 - t. What is the hundreds digit of m?
3
Let b = 191 - 199. Let w = 175 - b. What is th